 = -3*h - 0*h. Is r(h) composite?
True
Let g = 468 + -280. Let f = 321 - g. Is f a prime number?
False
Let z = -234 - -392. Is z a composite number?
True
Is -3 + 3 + 4 + 324 + 3 a prime number?
True
Suppose 0 = 5*x + q - 89, 4*q - 2 = 6*q. Let m be (2/(-3))/(2/(-9)). Let f = m + x. Is f a composite number?
True
Suppose 0 = 3*l + 2*b - 4, 2*b + 2*b - 18 = -l. Let m be 1/(l/4*1). Is 1*1/(m/(-158)) a prime number?
True
Suppose 5*c + 0*b = -5*b + 540, 2*c - 2*b = 216. Suppose 2*n - c = 2*y, 3*n + y = -n + 221. Is n composite?
True
Let u be 34/4 + 1/2. Suppose j + 3 = -u. Let d = 13 - j. Is d prime?
False
Suppose 2*g - 4*v - 24 = 0, 3*g - 4*v - 18 - 18 = 0. Suppose 0 = -2*b - g + 54. Is b a composite number?
True
Suppose o - 3*w = 4, -6*o + 16 = -3*o - 5*w. Let k = -4 + o. Suppose k*u + 265 = 8*u - 4*s, 5*s = -2*u + 73. Is u a composite number?
True
Let w(d) be the third derivative of -d**6/120 - d**5/4 - 5*d**4/8 + 5*d**3/6 + 4*d**2. Is w(-14) a composite number?
False
Suppose -i + 4 = 2*b + 3*i, 0 = 4*b - 2*i - 8. Let h(u) = -2 - 4*u + 2*u + 6*u**2 + 1. Is h(b) a composite number?
False
Let m(u) = u**2 - 2*u - 6. Let o be m(4). Suppose 5*d + o*v + 3*v - 555 = 0, -3*d - 5*v = -325. Is d composite?
True
Suppose 4*p - 2*w - 291 = w, 70 = p + 2*w. Let h be 2 + (-1 - -35 - 0). Suppose 3*k + p = 2*n, 2*k - h - 125 = -5*n. Is n a prime number?
False
Suppose 3*b + 51 = -102. Let l = b - -88. Is l composite?
False
Let d(n) = 137*n + 52. Is d(9) composite?
True
Let d(a) = -34*a + 13. Is d(-7) a composite number?
False
Let t(c) = -c - 1. Let b be t(4). Let k be ((-2)/b)/((-1)/(-5)). Suppose 2*j = -3*i + 154 - 34, -k*i = -2*j + 110. Is j a prime number?
False
Let f = 528 - 207. Let d = f - 215. Is d a composite number?
True
Let y = 164 + -231. Let j = 2 + y. Let w = -12 - j. Is w a prime number?
True
Let y be (-11)/44 - (-261)/4. Suppose y = n + 4*n. Is n composite?
False
Suppose u = -4*c + 355, 2*u - u = -5*c + 354. Suppose 0*w - w + u = 4*d, d = 3*w + 80. Is d prime?
True
Suppose 0 = 5*l + 5*d - 30, 4*l + 3*d = 6 + 17. Suppose -3*y + 664 - 28 = -4*t, 5*t = l*y - 800. Is (4/12)/((-2)/t) a composite number?
True
Let z = 492 - 139. Is z composite?
False
Suppose 4*f = -i + 2561, -1 = 3*i + 8. Is f a composite number?
False
Let j be ((-3)/6)/((-2)/96). Let w be 34*3*2/(-12). Let g = j + w. Is g a prime number?
True
Let a(h) = 52*h + 7. Is a(2) composite?
True
Is (-26)/(-143) - (-911)/11 composite?
False
Suppose 3*i = -2*l + 3*l + 13, 2*l + 17 = 3*i. Is 381/(-6)*(1 - i) a prime number?
True
Let l = 75 - 32. Is l a composite number?
False
Let a be ((-4)/(-3))/(2/15). Let t be 10/25 + (-194)/a. Let s = t - -52. Is s a prime number?
False
Let z(s) = s**2 + 5*s - 2. Let u be z(-6). Suppose -u*j - 4*v = -400, -2*j - 2*j + 3*v + 421 = 0. Is j a prime number?
True
Is 28/(-42) - (0 - (-5734)/(-6)) a prime number?
False
Let i(o) = 98*o - 1. Let v be ((3 + -1)/(-1))/(-2). Is i(v) a composite number?
False
Suppose -4*h = 2*p + 118, 2*p = -p + 2*h - 137. Suppose -n + 0*n + 5 = 0, 3*r = 2*n + 5. Is r/10 - p/2 prime?
False
Let x = -25 - -284. Is x a prime number?
False
Let f = -20 - 2. Is (-1800)/f - (-4)/22 a composite number?
True
Is 2*1*485/10 prime?
True
Let o(c) = -2*c**3 - 6*c**2 - 8*c - 11. Let g be o(-5). Suppose 4*u + 3*k - 73 = g, -4*u + 2*k = -192. Is u prime?
False
Let i be (-6)/15 - 34/(-10). Suppose -24 = -c - i*c. Suppose y = 2*y - c. Is y a composite number?
True
Let v be 32/(-8) - 3*-2. Suppose v*b + b - 83 = -c, 2*c - 173 = b. Is c a prime number?
False
Suppose 2*m + 1 = 5. Is (52/16)/(m/232) prime?
False
Suppose -4*k + 3*s + 16 = 5, -2*k - 1 = 5*s. Suppose 2*d + 0*d = 3*p + k, 16 = 4*d. Is (0 + p)*157/2 a composite number?
False
Let h = -1 + 2. Suppose 3*s = -10 + h. Is ((-93)/(-9))/((-1)/s) a composite number?
False
Suppose 505 = 2*h + 2*t - t, -2*t = 2*h - 508. Is h prime?
True
Let f = -4 - -8. Suppose -s = 4*z - 0*s - 91, 0 = 2*z + f*s - 56. Is z prime?
False
Let c(t) = t + 1. Let z(y) = -17. Let b(p) = -6*c(p) - z(p). Let q be b(-8). Let r = q + -8. Is r prime?
False
Let d be 4 - (2*-1)/(-2). Suppose 0 = d*h - 52 - 11. Is -2*(-1 - h/2) a prime number?
True
Let l(x) = 4 - x + 0*x - 2 - 3 - 6*x**2 - x**3. Let j be l(-6). Suppose -3*u + 0*f - j*f = -125, -171 = -5*u + f. Is u a composite number?
True
Suppose 2*s - 456 = 182. Is s composite?
True
Suppose 0*b + 5*b - 40 = 0. Suppose b = x + 4. Suppose x*g = 4*h - 65 - 131, -2*g + 259 = 5*h. Is h a composite number?
True
Suppose 0 = 4*j - 3277 - 1119. Is j composite?
True
Let s be ((-50)/15)/((-2)/3). Suppose -1449 = -5*r + m, s*m = 5*r + 410 - 1855. Suppose -r = -c - c. Is c prime?
False
Let b = 3159 + -963. Suppose -5*s = 81 - b. Suppose -d + 0*d = 5*h - s, 2*h + 3*d - 164 = 0. Is h prime?
False
Let t(s) = 2*s - 7. Let p be t(5). Suppose -i - n + 24 = -2*n, -p*i - n + 60 = 0. Is i a composite number?
True
Let f(p) be the first derivative of -33*p**2/2 + 5*p - 10. Is f(-10) a composite number?
True
Let o be ((-9)/3 - -1) + 5. Suppose o*y + 60 = 495. Is y prime?
False
Let s be (2/4)/((-2)/(-8)). Let v = s + 1. Suppose 0 = -r + v*r - 106. Is r prime?
True
Suppose 0 = 5*y - 78 - 2. Is (-78)/4*y/(-12) composite?
True
Let j(q) be the second derivative of 5/3*q**3 + 1/20*q**5 + 2/3*q**4 + 0 - q + 7/2*q**2. Is j(-6) a composite number?
False
Suppose -2*s - 16 = 2*s. Let d be (-445)/s - (-3)/(-12). Suppose 0 = 3*b - 2*w - d, -b + 37 = -3*w + 2*w. Is b prime?
True
Let a = 401 - -92. Is a prime?
False
Let m = -65 + 184. Is m a composite number?
True
Suppose -15 = 4*x + 25. Let v be 6/21 - x/14. Is 4*v*34/4 a composite number?
True
Suppose -3*q + 5*q = 56. Let v = q - -99. Is v a prime number?
True
Let t = 73 - -54. Is t a prime number?
True
Is ((-38)/4)/(-2*3/348) a composite number?
True
Let h(i) be the second derivative of 2*i**5/15 - i**4/4 + 5*i**3/6 - i**2/2 - 4*i. Let q(z) be the first derivative of h(z). Is q(-6) composite?
True
Let s = -7 + 4. Let f = 71 - 124. Is ((-3)/s - f) + -1 prime?
True
Let s be (-312)/(-30) + 4/(-10). Let g = 68 + s. Suppose 4*y = 574 + g. Is y composite?
False
Suppose 43*k = 45*k - 754. Is k composite?
True
Is (587/4)/(2/8) a prime number?
True
Suppose 4*g = -3*z + 2383, -4*g = z + 3*z - 3172. Suppose -3*n + f = -789, -2*n + z = n + 5*f. Is n composite?
False
Let c = 583 + -298. Let x = c + -191. Is x a prime number?
False
Let m(y) = 164*y**3 - y. Let z be m(1). Suppose -4*g = -5*b + 293, 4*b = b - 4*g + z. Is b a composite number?
True
Let f(t) = t**2 + 8*t + 9. Let v be f(-7). Is 0/v + (-9 - -68) composite?
False
Let d be (16/10)/((-7)/(-2135)). Suppose 162 = -2*j + d. Is j a composite number?
False
Let u = -17 + 25. Let z be 0 + 34/(-1 - 1). Let g = u - z. Is g composite?
True
Is (-3)/(-4) - (-1786)/16*10 composite?
False
Let m = -125 - -80. Let q = 112 + m. Is q a prime number?
True
Suppose a - 16 = 3. Let i = a + -13. Suppose 157 = 7*b - i*b. Is b a prime number?
True
Let f(z) = z**3 - 2*z**2 - 8*z + 7. Let y be f(5). Suppose 0*j + j = y. Let p = 79 - j. Is p a composite number?
False
Let z = -207 - -336. Let l = z + -77. Suppose i - 4*y - 60 + 5 = 0, i - l = 5*y. Is i a composite number?
False
Suppose -3*u + 199 + 194 = 0. Is u prime?
True
Suppose t + 13*d - 652 = 8*d, -5*d = 4*t - 2653. Is t composite?
True
Suppose 2*w - 379 - 308 = 5*f, -w + 4*f + 345 = 0. Is w a prime number?
False
Is 2*1497/6*1 composite?
False
Suppose -4*h - 4*m = -1248, 4*h - 2*h - 639 = m. Is h prime?
True
Let w(h) = -h. Let p be w(-4). Is (-106)/(-3)*6/p a composite number?
False
Suppose -4761 - 9827 = -4*t. Is t composite?
True
Let i(z) = 27*z**2 + 3*z + 17. Is i(-5) composite?
False
Suppose r = -0*r - 5*y - 11, 3*y + 57 = 3*r. Let q be ((-36)/r)/((-1)/14). Let a = q + 17. Is a composite?
False
Let p(g) = -g**2 + 13*g - 5. Is p(5) a composite number?
True
Suppose 0 = m - 0*p + p, 0 = 2*p. Suppose 4*j - j + 2*l = 157, -4*j - 3*l + 209 = m. Is j prime?
True
Is (-1)/2 + 1070/20 composite?
False
Let a = 10 + -14. Is -6*(-3 + 2/a) composite?
True
Let n(u) = 6*u**2 + 13*u - 10. Let j be n(9). Let c = j - 346. Is c prime?
False
Suppose 0 = -s + 4*v + 525, 5*s = 4*v + 2021 + 572. Is s a prime number?
False
Let g(h) = h - 6. Let w be g(11). Suppose -773 = -w*s + 422. Is s composite?
False
Suppose 0*s - 4*s 